{"id":152,"date":"2025-12-06T10:15:31","date_gmt":"2025-12-06T13:15:31","guid":{"rendered":"https:\/\/tonhonunes.com\/produto\/pack-carga-seca-graneleiro-manos\/"},"modified":"2026-03-18T15:20:02","modified_gmt":"2026-03-18T18:20:02","slug":"pack-carga-seca-graneleiro-manos","status":"publish","type":"product","link":"https:\/\/tonhonunes.com\/?product=pack-carga-seca-graneleiro-manos","title":{"rendered":"Pack Carga Seca\/Graneleiro Manos"},"content":{"rendered":"<p>Este pack adiciona ao seu jogo , a linha de reboques carga seca e graneleiro \u00a0, da marca Manos (empresa catarinense) . Com uma ampla gama de varia\u00e7\u00f5es , vc pode configurar seu reboque desde a carretinha 2 eixos at\u00e9 os rodotrens 30mts.<\/p>\n<p>Este pack conta tb com mod trafego , adicionando algumas variantes tanto de carga seca quanto graneleiro \u00a0ao trafego do ets2 , e tb trago a vcs o mercado de fretes .<\/p>\n<p>Para quem nao sabe , o mercado de fretes \u00e9 o modo de jogo que vc nao precisa ter reboque proprio , basta ir ate a empresa e escolher dentre os reboques do jogo estar\u00e3o os da marca manos 3 eixos \u00a0simples e vanderleia.<\/p>\n<p>Temos tb o SkinEdit , de modo que , com um simples editor de imagens e um programa especifico , vc podera criar suas proprias skins e jogar com elas .<\/p>\n","protected":false},"excerpt":{"rendered":"<p>carretas<\/p>\n","protected":false},"featured_media":19501,"template":"","meta":{"_crdt_document":"","advanced_seo_description":"","jetpack_seo_html_title":"","jetpack_seo_noindex":false},"product_brand":[],"product_cat":[1379,1380],"product_tag":[],"class_list":{"0":"post-152","1":"product","2":"type-product","3":"status-publish","4":"has-post-thumbnail","6":"product_cat-all-products","7":"product_cat-reboques","9":"first","10":"instock","11":"featured","12":"downloadable","13":"virtual","14":"purchasable","15":"product-type-simple"},"exclude_global_add_ons":[],"addons":[],"jetpack_sharing_enabled":true,"jetpack_likes_enabled":true,"_links":{"self":[{"href":"https:\/\/tonhonunes.com\/index.php?rest_route=\/wp\/v2\/product\/152","targetHints":{"allow":["GET"]}}],"collection":[{"href":"https:\/\/tonhonunes.com\/index.php?rest_route=\/wp\/v2\/product"}],"about":[{"href":"https:\/\/tonhonunes.com\/index.php?rest_route=\/wp\/v2\/types\/product"}],"wp:featuredmedia":[{"embeddable":true,"href":"https:\/\/tonhonunes.com\/index.php?rest_route=\/wp\/v2\/media\/19501"}],"wp:attachment":[{"href":"https:\/\/tonhonunes.com\/index.php?rest_route=%2Fwp%2Fv2%2Fmedia&parent=152"}],"wp:term":[{"taxonomy":"product_brand","embeddable":true,"href":"https:\/\/tonhonunes.com\/index.php?rest_route=%2Fwp%2Fv2%2Fproduct_brand&post=152"},{"taxonomy":"product_cat","embeddable":true,"href":"https:\/\/tonhonunes.com\/index.php?rest_route=%2Fwp%2Fv2%2Fproduct_cat&post=152"},{"taxonomy":"product_tag","embeddable":true,"href":"https:\/\/tonhonunes.com\/index.php?rest_route=%2Fwp%2Fv2%2Fproduct_tag&post=152"}],"curies":[{"name":"wp","href":"https:\/\/api.w.org\/{rel}","templated":true}]}}